28
What is the value of 1 + -2 - (0 + 5 - 12)?
6
What is (-19 - -1) + 23 - (2 - -4)?
-1
Calculate 21 - (34 + -14) - 6.
-5
18 + -23 - -31 - 21
5
Evaluate -13 + 24 - (-23 - 1) - 11.
24
0 - -11 - (16 + -23 + 12 - 10)
16
Calculate -5 - (16 + -28 + -20).
27
What is 1 + -19 - (-1055 - -1042)?
-5
Calculate 27 - (15 - (-32 - -25)).
5
What is (-8 - -23) + (-2 + 3 - -2) - 7?
11
8 - ((-7 - ((-9 - -1) + 6)) + 6)
7
Calculate -2 - (4 - -10) - (10 + 9 + -19).
-16
What is -97 + 96 + -1 + -2?
-4
Evaluate -67 + 73 - (15 - (2 + -2)).
-9
-3 + -1 + (-215 - -231) + (-2 - 16)
-6
Calculate ((-2 - (4 - 1)) + 6 - 4) + -10.
-13
Calculate 1 - (-2 - 1) - (50 - 35 - 5).
-6
Calculate 8 + -13 + 19 + 3.
17
What is the value of (-1 - 14) + 8 + 6 - -5?
4
What is the value of -2 + 11 + (13 + -9 - 1)?
12
3 + (0 + 0 - 7) + -2
-6
12 + -10 + (-8 - -2)
-4
What is the value of 35 + -28 + 0 + 0?
7
What is (-22 + 15 - -14 - (0 + 11)) + 7?
3
What is the value of -10 - (13 + (5 - 2)) - 2?
-28
8 + (-2 - (12 - -15))
-21
Evaluate -1 + (-14 - -6 - -18).
9
Evaluate -38 - (38 + -20 - 40).
-16
What is (9 + -17 + 2 - (1 + -12)) + -1?
4
Calculate 1 - (0 + 2) - (-6 + 4) - 15.
-14
Calculate 16 + (-1 - (3 + 0)).
12
12 + -5 + 3 + (14 - 15)
9
-1 + 13 + (-10 - -13) + -1
14
(18 - -11) + -8 + -3
18
What is the value of 1 + (-12 - (-11 - 8)) - 3?
5
(7 - (-25 + -14)) + -5 - 12
29
What is the value of (-27 - (26 + -25)) + 10 + 1?
-17
What is 115 - 133 - (-3 - (2 - 5 - 4))?
-22
What is 15 - (-17 + 2 + 38)?
-8
-3 + -13 + -8 + (-8 + 15 - 7)
-24
What is (18 - -11) + 5 + -6 - 10?
18
What is the value of -5 + -10 + -22 + -21 + 48?
-10
What is (-632 - -622) + 4 + (-3 - -1)?
-8
47 + -18 + -10 + 8 + 11
38
What is 10 + 1 - (-107 + 113)?
5
What is the value of 0 + 6 - (21 - (11 - (12 - 8)))?
-8
Evaluate -34 - ((51 - 24) + -45).
-16
Calculate (-33 - -14) + 13 + -6.
-12
(-10 - -3) + 1 + -1 + (-2 - -3)
-6
Evaluate 4 + (5 - 5) + (-11 - (-16 - 12)).
21
-10 - (-5 - (10 + -11)) - (2 + -12)
4
Evaluate 10 + (13 - 11) - 23 - 11.
-22
(-2 + 43 - 5) + (0 - 13)
23
(-9 - -9 - -2) + 1
3
Evaluate 4 - (3 + (7 - 2) + -6).
2
4 + -3 + 1 + -7 + -11
-16
(-42 - -39) + 2 + 7 - -7
13
What is the value of 32 + 6 + -41 + (5 + -3 - -23)?
22
Evaluate 12 - (-6 - -34) - (-47 + 16).
15
Evaluate 7 + (-33 - (-8 + (-5 - -9))).
-22
What is the value of 2 + 2 - (0 + (9 - 8) + -2)?
5
What is the value of -7 + 8 - -7 - 12?
-4
(-1 - -9 - 3 - (-4 - -4)) + 1
6
Calculate (7 - (24 + -13)) + 11.
7
Calculate (9 - 4 - 1) + -4 - (7 + -14).
7
What is -1 + -6 + (-3 - 4 - 7)?
-21
Calculate -70 - -58 - (-14 + -2).
4
What is the value of 1 - 3 - (-7 + 28 + -11)?
-12
Calculate (124 - 123) + 8 + 0.
9
Calculate ((1 - 1) + (7 - 11) - 1) + 11.
6
-10 - (11 - 35) - 28
-14
Evaluate 4 + 1 + -7 + (3 - (-1 + -1)).
3
Calculate -268 + 227 + (0 - 0) + 15.
-26
7 + -4 + -5 + (7 - -2)
7
What is (5 - -7) + -1 + -25 + -6?
-20
Calculate (0 - 3) + 2 - 5 - (-10 - 20).
24
Evaluate 17 + -1 + (-1 + (0 - 0) - 5).
10
Evaluate -2 - (8 + -1) - -8.
-1
Evaluate 18 + -16 - 31 - -8.
-21
Evaluate 4 + -3 - (100 + -111).
12
What is -2 + -2 + -5 - (327 - 332)?
-4
Evaluate 3 + -8 + (7 - 7).
-5
Evaluate (1413 - 1424) + 16 + 1.
6
Evaluate 0 + (-9 - -6 - -3 - -4) - -3.
7
What is -5 + 5 - (-8 - (0 - 2))?
6
What is 8 + (-18 - -12) - 8?
-6
What is the value of 4 + (5 - 1) - (2 + -5 + -2)?
13
-13 - 2 - 3 - -10 - -38
30
0 - (0 + (-13 + 6 - -6 - -7))
-6
Calculate -2 - ((1 - 7) + -5 + 11).
-2
What is 89 + -77 - (1 + 4)?
7
2 + -9 + (4 + 4 - -9)
10
What is the value of (14 - 6 - (-17 + 25)) + (-1 - 1)?
-2
(6 - (27 - 15)) + 9 + 0 + -16
-13
31 + (-17 - 15) + (10 - 0)
9
What is 12 + (2 - -13) + -17 - 4?
6
Evaluate -10 - (-4 + -4 + -7).
5
12 + -9 + 10 + 0 - 2
11
Evaluate (23 - 0) + -9 + -2 + -2.
10
Evaluate -22 + 10 + -9 + 14 + 13.
6
Evaluate 7 + (0 - 11) + -5 + 18.
9
What is the value of -3 + 1 + -2 + 4 - (29 + -31)?
2
Calculate -11 + 11 + (-8 - -29).
21
Evaluate (-22 - -17) + (5 - 5 - -4 - -7).
6
What is the value of 15 + (0 - 14) - (1 - -4)?
-4
Calculate -6 - ((-1 - -13) + 5 + -11).
-12
(-16 + 3 - -12) + (8 - (5 - -19))
-17
Calculate (-1 - 0 - 0) + -279 + 270.
-10
Evaluate -10 + 3 + 15 + 0 + -7 - -11.
12
What is the value of (13 - ((-7 - 1) + 7) - 9) + -6?
-1
What is the value of 7 - 15 - (-16 + 10)?
-2
(9 - (18 + -11)) + -14 + 22
10
(11 - -14) + -8 - (-3 + 1 + 5)
14
What is the value of 7 - (-23 + 8) - (6 + 11 + -11)?
16
Calculate -36 - -64 - (15 + 0).
13
Calculate (3 - ((0 - 6) + 13)) + -13.
-17
What is -3 + 0 - (14 + (-16 - 3))?
2
Evaluate 10 + -28 + 22 + -3.
1
Calculate (-6 - (-2 - -9)) + 3 - -17.
7
What is 16 - (5 - -10) - (-4 + 0)?
5
(13 - -12) + -17 - (-2 - -11)
-1
Calculate (16 - 38) + (-58 - -87).
7
What is the value of -1 + -12 + 13 - (4 - 1) - 8?
-11
What is (-8 - (10 - 27)) + 5 + 14 + -2?
26
What is the value of -13 - (-11 + 4 - (-4 - 12))?
-22
Evaluate -19 + (3 + 1 - 11) + -1 + 14.
-13
-24 + (0 - (-5 - 10))
-9
What is the value of (2 - 8) + 10 + -4?
0
What is the value of -6 + (32 - (-5 + 13) - 10)?
8
(2 - (29 - 0)) + 48 + -4 + -40
-23
Evaluate ((10 - (6 + 0)) + -20 - -2) + 5.
-9
5 + (20 - 12) + (-2 - (-4 - -2))
13
Evaluate 5 + (-8 - (8 - 27)) + -4.
12
Evaluate (8 - (6 + -16 - -19)) + -14.
-15
Calculate -6 - ((-18 - (-28 + 19)) + (3 - -8)).
-8
Calculate -23 + 46 + -36 - -31.
18
Calculate (-12 - 4) + 5 + 5 - (-2 + 5).
-9
What is the value of (-15 + 17 - 2) + 12?
12
43 + -53 + (0 - 1)
-11
Calculate (2 - 5) + (-3 - (4 + 2)).
-12
Calculate 1 + -3 - (7 - (7 - 14)).
-16
(4 - 5) + (1 - (-10 + -2 + 4))
8
What is the value of 1 + 14 + -8 + -3 + -5?
-1
What is 24 - 1 - (46 - 36)?
13
Evaluate 90 + -108 + 1 + 6.
-11
Evaluate -2 - (6 + 0 - (25 + (2 - 9))).
10
What is the value of 19 + (7 - (-11 - (-18 - -12)))?
31
What is the value of -4 - (21 - (-11 + 30))?
-6
What is the value of 10 - (6 - (4 - 1 - (49 + -39)))?
-3
Evaluate -19 + 34 - (-1 + 0 - (-3 - -10)).
23
What is the value of -5 + (-4 - -3) + 5 + -13?
-14
Calculate -55 + 84 + 0 + (3 - 13).
19
Calculate 7 + 1 - (-7 - 7) - (-4 - 0).
26
Evaluate (13 - 23 - -4) + -1 + 2.
-5
(0 - 10) + (-2 - -11) + -20
-21
What is the value of -2 - (15 + -2 + -8)?
-7
-13 - ((22 - (9 - -1)) + 2)
-27
What is -18 + 2 + 6 - (-2 + 0 - 6)?
-2
Calculate 2 + (7 - -3) - 20.
-8
What is 25 - ((36 - -4) + -19)?
4
Calculate 7 + 1 - (164 + -149).
-7
3 - 0 - (2 + -14) - (-10 + 12)
13
What is -1 + -26 - (-2 - (-12 + -1 + 6))?
-32
Calculate (3 + -1 - (-40 - -41)) + -4 + 0.
-3
Evaluate 196 + -211 - (-11 + -2).
-2
Calculate 12 + -37 + 17 - (-7 + -1).
0
-2 - 0 - -2 - (2 - -5 - -7)
-14
Calculate (21 + -30 - (1 + -12)) + -11.
-9
What is the value of 1 + (1 - (-1 - -15))?
-12
Evaluate (0 + 1 - 10) + -86 + -73 + 147.
-21
-3 - (-2 + 10 - 14)
3
7 + (-14 - 4) + 0
-11
-6 + (-1 + 7 - (-54 + 53))
1
What is the value of -27 + -9 + 20 - (2 + 0 + -2)?
-16
What is -9 - (-2 + -4 - (-13 - -8))?
-8
What is the value of 73 + -61 - (19 + -1) - 16?
-22
What is -1 + -10 + 20 - -9 - (1 - -3)?
14
Evaluate 8 + 0 + 2 + 6 + -28.
-12
15 + -16 + -8 + 6 + -1 + 4
0
What is the value of (5 - 1) + (-15 - -28) + -11?
6
What is 7 + -8 + -3 + 5?
1
Calculate -11 - (109 + -106 - (-7 - 0)).
-21
6 + (-12 - -23) - 21
-4
What is the value of -50 - -75 - ((-6 - -6) + 9 + 0)?
16
What is the value of (-1145 - -1167) + (2 - (-1 + (0 - 0)))?
25
What is the value of -7 + 4 + -4 + (18 - -4) - 5?
10
What is the value of -340 + 359 - (-1 + 2 + 0)?
18
What is 9 + -30 + 14 + (-7 - 6)?
-20
Calculate (-3 - (-8 - 4)) + -1.
8
Evaluate 367 + -338 - (33 - 1).
-3
-19 + (0 - (-10 - (7 + -13))) + -2
-17
What is the value of 20 + (2 - -1) + -5 + -9?
9
What is -1 + (3 - -1) - (122 + -130)?
11
What is 7 + (-14 - -19 - 16)?
-4
What is -2 - -4 - (-14 + -2) - (-45 + 51)?
12
What is 0 + -6 + -16 + (-13 - -54) + -15?
4
What is 0 - ((16 - 12) + 1)?
-5
Calculate 8 + (10 - 9) + -1 - (29 - -7).
-28
What is the value of -20 + (31 - 36 - (-10 - -1 - 0))?
-16
What is the value of 3 - 6 - 9 - (2 - 2)?
-12
What is -6 + -1 + -17 - (3 + -2)?
-25
Calculate -2 + (0 - (-1 + -2)) + (-125 - -124).
0
What is the value of 4 - (-14 + 19) - (-2 + 1)?
0
What is the value of -17 - (28 - (68 - 13))?
10
-4 - (-1 - -11 - 18 - -12)
-8
4 - ((-2 - 8 - -9) + 0)
5
What is -14 + -3 + 10 + 7?
0
What is 8 + (17 + -2 + -19 - (0 - -3))?
1
What is (-8 - (4 - -24)) + (-60 - -69)?
-27
(-12 - (0 + 9 - 16)) 